e -18 + (14 + 22 - -3) + -7.
14
-1 + (0 - (-2 - -10 - 6 - -8))
-11
What is -3 + (30 - (25 - 16))?
18
What is (9 + -10 + -7 - -16 - -14) + -8?
14
What is (-7 - -3) + (-4 - (-4 - 5)) - -2?
3
What is 19 - (-4 + (-3 - 2) - -15)?
13
What is -4 + 25 - 21 - (2 - (-18 + 1))?
-19
What is -5 + 1 - (29 + -31 - (0 - -7))?
5
Evaluate -9 - ((0 - 0) + (-17 - -10)).
-2
Evaluate (33 - -1) + (-630 - -587).
-9
What is (3 - 0) + 1 - (115 + -129) - 0?
18
What is 5 - ((-1 - -6) + (55 - 70)) - 4?
11
Calculate 1 + -16 + 1 - (-15 + (22 - 5)).
-16
What is the value of (36 + -22 - (-3 + 13)) + 5 + 3?
12
What is the value of -37 + 14 + -6 + 32?
3
What is the value of -2 + (10 - (0 + (-1 - -2)))?
7
What is -11 + (5 + -6 + -3 - 7)?
-22
(-3 - (3 + 6 + -4)) + 5
-3
Calculate -8 + (0 - 24) + 15.
-17
What is the value of -9 + (-24 + 12 - -9) + 10?
-2
Evaluate (-437 - -431) + (0 - -6 - 1).
-1
What is the value of 12 + (-1 + -5 - 0) - (0 - 0)?
6
What is 12 + 4 + -6 - (-16 - (-27 + 33))?
32
Evaluate 9 - (15 + -7 + -13).
14
Calculate -121 + 127 - (-10 + 3).
13
What is the value of 114 - 122 - (-3 + -3 - 3)?
1
Evaluate (-4 - (6 - (14 + -5 + 28))) + 3.
30
Evaluate (-21 - -19) + -2 - 11.
-15
Calculate 12 + (21 - 34) - (1 + 16).
-18
What is 19 - 18 - (16 + (-6 - -1))?
-10
8 + (-4 - 4) + 9 - 7
2
2 + -20 + -10 + 49
21
What is -48 + -16 - -69 - (3 + -1 + 5)?
-2
What is the value of 228 - 222 - (1 + -2) - (-1 + 1)?
7
What is the value of (-1 - (3 + -8)) + -152 + 142?
-6
What is the value of 21 + (-8 - 6) + (0 - 2)?
5
What is the value of -62 + 38 + -22 - -20?
-26
Calculate -18 - (0 - 1) - (127 - 125).
-19
What is the value of 4 - (12 - 6) - 18?
-20
Evaluate ((1 - -1) + -97 + 56 - -5) + 3.
-31
What is -1 - (2 + (5 - 0)) - (363 - 356)?
-15
Calculate 20 + -1 - (-2 + (9 - (-17 - -27))).
22
What is the value of -29 + (-3 - -3) - (327 + -341)?
-15
4 + (-1 - 3 - 0) + -13 + 6
-7
What is 12 - ((-78 - -75) + (8 - -1) + -8)?
14
Evaluate 0 + -5 + 8 + -7 + -2 + 14.
8
-14 + (5 - -1) + 12 + -16 + 0
-12
Calculate -4 - -37 - 3 - (9 + -15 + 16).
20
Evaluate -8 + 6 + 10 + -9 - -11.
10
Calculate (-2 - -13 - 3) + -6.
2
What is 6 + (-3 - -6) - (-2 - -7)?
4
Evaluate (41 - 51) + 3 + -4.
-11
What is the value of 12 + (-24 - (14 + -12 + -16))?
2
What is the value of -10 + (3 + 6 + -10 - (0 + -4))?
-7
What is the value of -5 - (-6 - (-38 - -24))?
-13
-7 + (20 + -1 - (21 - 18))
9
Calculate -4 - (22 - (-1 + 16)).
-11
Calculate -1 + (3 - 3) + (20 - 11).
8
Calculate 14 + (-4 - (-4 + 9 + -3)).
8
Evaluate 7 + -95 - -70 - (0 - 3).
-15
What is the value of -1 + -1 + 1 + (12 + -7 - -6)?
10
What is (33 - -2) + 9 + (32 - 57)?
19
Evaluate 62 + -27 + -28 + 10 + -1 - 7.
9
What is the value of 3 - (-1 + 0) - (-24 + -15 + 26)?
17
Calculate -76 - (-113 - -24) - (15 - 0).
-2
What is the value of 9 + -8 + 7 + (5 - -8)?
21
Evaluate 28 - (-19 - (-35 - 9)).
3
(-305 - -294) + (1 - (-1 + 2 - 2))
-9
Calculate -5 + 2 + -2 - (151 + -171).
15
What is 7 + (-4 - (0 - (-1 + -11)))?
-9
Calculate -32 + -21 + 42 + 0.
-11
What is 1 + 0 + (-10 - -7) + 6?
4
What is the value of 12 + (-9 - 0) + 15 - 12?
6
-1 - 45 - (-52 - (13 - 52))
-33
What is the value of -8 + (8 + -14 - -20) - 6?
0
15 - (-7 - -22 - 0)
0
29 + (28 - 58) + 22
21
What is the value of 30 - (3 + -15 + 28)?
14
Evaluate 4 + 9 + -2 - (12 - (-5 - -18)).
12
What is 6 - (71 + -60) - (-24 - 1)?
20
What is the value of -21 - -47 - 18 - (-2 + 2 + 5)?
3
Calculate (-1 - 1 - 0) + (10 - (18 - -9)).
-19
15 + -3 - (-7 + 23)
-4
What is the value of (-3 - -7) + -3 + (-14 - -4)?
-9
4 + (-4 - -3) + (-1 - -3) - 10
-5
Evaluate (-1 - -2) + 6 - (18 - (-3 - -11)).
-3
What is (-11 - -18) + 7 - (11 + -2)?
5
What is the value of 9 - 6 - (-19 - -7)?
15
7 + (-5 + 31 - 20)
13
Evaluate -8 + 6 + -2 + -4 + -9.
-17
Evaluate -11 + 20 + 5 + -12 - (2 + 3).
-3
Calculate 30 + 13 + 16 + -49.
10
(-9 - ((-26 - (5 - 4)) + -2)) + -8
12
What is (-6 - -2) + (24 + -22 - (2 - 3))?
-1
Evaluate 2 - (-22 - (0 - 3)).
21
1 + 11 + (47 - 57)
2
Calculate 9 - ((18 - 25) + 21).
-5
What is 5 + -1 + (-13 - (-6 - 2) - -9)?
8
What is the value of (1 - -1) + (26 - ((9 - -8) + -3))?
14
Evaluate (-5 - -17) + -7 + -7.
-2
What is (-3 + 9 - 14) + 0 - -28?
20
Evaluate -7 - (-26 - -7) - 11.
1
What is 2 - (15 + 10) - (5 - 8)?
-20
What is -16 + (-37 - -56) + 27?
30
What is 2 + -2 + 0 - (-231 + 217)?
14
What is the value of -4 - (1 + (-4 - 2))?
1
Evaluate -6 - (11 + (2 - 4)).
-15
31 - (54 + -29) - -3
9
Evaluate (-38 - -16) + -10 - ((7 - 6) + -8).
-25
3 - -2 - ((24 - 55) + (10 - 2))
28
-3 - (-2 + (-9 - -2))
6
Calculate 14 + (13 - (24 + -1)).
4
Evaluate -21 - (2 + -43 - -28).
-8
What is (9 - 38) + (20 - 3)?
-12
What is -22 + (20 - (15 + -3))?
-14
-26 + 1 + 27 - -10
12
Calculate (19 + -13 + (-8 - -1) - 1) + -7.
-9
(-8 + 16 + 2 - 15) + (42 - -2)
39
What is 9 - -3 - (5 + 6)?
1
Calculate 19 - -1 - (16 + -2).
6
Calculate -12 - (10 - (0 - -21)) - (16 + -5).
-12
What is the value of -1 + 13 - (48 - (118 + -59))?
23
Calculate -16 - (-1 - -11 - 20).
-6
18 + (5 + 14 + -15 - 10)
12
10 + 7 + 6 - 9
14
3 + 5 + (-16 + 15 - 4)
3
Calculate 3 - 3 - (7 + -3 + 6).
-10
What is -222 + 209 - (-2 + 0 + -3)?
-8
What is the value of -2 + (9 - 23) - (2 - (0 + 1))?
-17
Evaluate 1 + 19 - (-77 + 84).
13
What is (9 - 1) + (320 - 322) - -14?
20
6 - (18 + -13 + -26)
27
What is -4 - -10 - (-6 - -6) - 9?
-3
-1 - (-9 + 9 + 1) - -18
16
What is the value of 12 + (-2 - (2 + (6 - 9)))?
11
What is the value of 5 - -2 - (12 + -26 + 13)?
8
Evaluate -2 - -7 - (-1 + 0) - (-1295 - -1306).
-5
Evaluate (9 + 20 - 21) + -1 + -3.
4
What is the value of -20 - -22 - 12 - 0?
-10
What is the value of 1 - -3 - (8 + (-11 - -23 - 23))?
7
Calculate (14 - (-11 - -19)) + (-22 - -3 - -1).
-12
Calculate (12 - (19 - 9)) + -1 + -3 + 26.
24
Evaluate (16 - (0 + -7)) + -39.
-16
What is the value of 453 - 436 - (2 + -6)?
21
Calculate 4 + (2 - (-18 - -31 - (6 - 1))).
-2
Evaluate 5 + -14 - (-4 - 0) - 5.
-10
What is -31 - -2 - (-177 - -158)?
-10
Evaluate ((1 - -1) + (-18 - -21) - 4) + -1.
0
What is 11 + -8 + 5 + -22?
-14
What is 25 + -8 + 18 + -29?
6
Evaluate -17 - (-6 - -4 - -3) - (-7 - 0).
-11
What is the value of -9 - (-16 - (-23 - (12 + -22)))?
-6
Evaluate (-6 - -2 - (8 - 7)) + -3 + 16.
8
-12 - (4 - (15 + -5) - -15)
-21
Evaluate -23 + 34 - (1 + -4) - -19.
33
What is -16 - (-13 - (-5 + 9 - 10))?
-9
Calculate 10 + -29 + (10 + -3 - (-16 - -19)).
-15
What is the value of 1202 + -1216 + 1 + 6?
-7
What is 0 - 4 - (-7 + -4)?
7
1 + -15 + 0 + 1 + (-114 - -120)
-7
What is 25 + (-4 - 15) - -1?
7
18 + 17 + (-10 - -12 - 13)
24
What is 21 + (-12 - 32) - -16?
-7
Evaluate -31 + 44 + (-10 - (-3 - -6)).
0
What is 113 + -113 + (-2 + 1 - 3)?
-4
Evaluate -4 + -5 + 0 + 3 - (30 + -24).
-12
What is the value of -9 + -1 - -1 - (-4 + 19 - 15)?
-9
What is -20 - (-3 + (-27 - -7))?
3
What is (-22 - -8) + 13 - -13?
12
Evaluate (44 - 26) + -4 + -6.
8
What is the value of 12 - (1 + -23 - -39)?
-5
Evaluate 10 + 0 + (15 + -38 - -8).
-5
Evaluate 203 - 206 - ((1 - -5 - 2) + -2).
-5
What is the value of 16 - (4 + -13 + 13)?
12
What is the value of -3 - (0 + (12 - 8)) - (-11 - 3)?
7
Calculate -8 + -1 + -6 - -6.
-9
What is the value of -6 - (-12 + (-2 - (9 + -5)) + -4)?
16
Calculate 19 + -36 + (-4 - 0).
-21
Calculate -11 + (19 - 34) - -40.
14
What is 0 + -9 + 6 + 6 + -16?
-13
What is the value of (-2 + -5 - 10) + (3 - (-5 + 4))?
-13
2 - 8 - (-9 + 18 + -5)
-10
What is 18 + -1 + 3 + -5?
15
What is the value of 5 - 0 - (27 - (30 - -4))?
12
What is 1 + 0 - (557 + -544)?
-12
-13 + (-1 - -13 - 4)
-5
-1 - 9 - (-2 + -8 + 8)
-8
What is the value of (9 - 17) + (-12 - -12) + (10 - -3)?
5
Calculate -12 + 2 - (-23 + 23).
-10
Evaluate (2 - 1 - 15) + (-6 - (-13 - -1)).
-8
Calculate -4 - ((1 - (-7 + (1 - 0))) + -15).
4
What is the value of -2 + -10 - (10 + (-9 - -5))?
-18
What is the value of (-9 - -1) + (8 - (-5 + -9))?
14
Calculate (-5 - (-3 - -7)) + 10.
1
61 + (9 - 66) + (-2 - (-11 + -1))
14
Evaluate 2 + 11 + 15 + -5 + -16.
7
What is the value of -15 + 1 + 8 + (-1 - -5) + 11?
9
What is (-195 - -202) + (1 - 2) + -1?
5
Evaluate 11 - 3 - (15 - 20 - -7).
6
What is the value of 28 + (4 - (-15 + 33)) - 14?
0
Calculate -19 - (-1 - -2 - (-1 + -6 + 12)).
-15
What is the value of (11 - 5) + 1 + -5 + 3 + -11?
-6
What is (-6 - -4 - 2) + (-16 - -24)?
4
-3 + -5 + 2 + -7 + (12 - 4)
-5
-6 + 